{"id":883,"date":"2023-09-22T15:13:26","date_gmt":"2023-09-22T13:13:26","guid":{"rendered":"https:\/\/eraskolan.se\/?page_id=883"},"modified":"2025-09-11T20:41:15","modified_gmt":"2025-09-11T18:41:15","slug":"46an-ak-4-6","status":"publish","type":"page","link":"https:\/\/eraskolan.se\/?page_id=883","title":{"rendered":"46:an (\u00e5k 4-6)"},"content":{"rendered":"\n<p>F\u00f6r eleverna p\u00e5 Eraskolan erbjuds i \u00e5rskurs 3 &#8221;Gula fritids&#8221;. Mer information om v\u00e5r fritidsverksamhet upp till och med \u00e5k 3 hittar du <a href=\"https:\/\/smaskolan.se\/?page_id=139\">h\u00e4r<\/a>.  <\/p>\n\n\n\n<div class=\"wp-block-columns is-layout-flex wp-container-core-columns-is-layout-9d6595d7 wp-block-columns-is-layout-flex\">\n<div class=\"wp-block-column is-layout-flow wp-block-column-is-layout-flow\">\n<figure class=\"wp-block-image size-large\"><img loading=\"lazy\" decoding=\"async\" width=\"724\" height=\"1024\" src=\"https:\/\/eraskolan.se\/wp-content\/uploads\/2023\/09\/var-nya-724x1024.png\" alt=\"\" class=\"wp-image-884\" srcset=\"https:\/\/eraskolan.se\/wp-content\/uploads\/2023\/09\/var-nya-724x1024.png 724w, https:\/\/eraskolan.se\/wp-content\/uploads\/2023\/09\/var-nya-212x300.png 212w, https:\/\/eraskolan.se\/wp-content\/uploads\/2023\/09\/var-nya-768x1086.png 768w, https:\/\/eraskolan.se\/wp-content\/uploads\/2023\/09\/var-nya-1086x1536.png 1086w, https:\/\/eraskolan.se\/wp-content\/uploads\/2023\/09\/var-nya.png 1414w\" sizes=\"auto, (max-width: 724px) 100vw, 724px\" \/><\/figure>\n<\/div>\n\n\n\n<div class=\"wp-block-column is-layout-flow wp-block-column-is-layout-flow\">\n<p><em>F\u00f6r elever i \u00e5rskurs 4-6:<\/em><\/p>\n\n\n\n<h2 class=\"wp-block-heading\">V\u00e4lkommen till 46:an<\/h2>\n\n\n\n<p>H\u00e4r f\u00e5r eleverna m\u00f6jlighet att h\u00e4nga kvar efter skolan. Med ett riktigt schyst mellis, som v\u00e5r kock fixar varje dag. P\u00e5 46:an serveras till exempel smoothie, varma mackor och elevernas favorit &#8211; rispudding.<\/p>\n\n\n\n<p>Varje dag finns aktivitet f\u00f6r den som vill. Flera dagar i veckan finns l\u00e4rare p\u00e5 plats och hj\u00e4lper de elever som \u00e4r lite extra vetgiriga. H\u00e4r kan man ocks\u00e5 f\u00e5 tid f\u00f6r att g\u00f6ra l\u00e4xorna. F\u00f6r de eleverna som bara vill f\u00e5 en stunds sk\u00f6nt h\u00e4ng medan man l\u00e4ser en bok eller spelar ett spel s\u00e5 finns det plats i soffan. Olika dagar erbjuds olika aktiviteter, t ex i v\u00e5r idrottssal.<\/p>\n\n\n\n<p>46:an har \u00f6ppet varje dag efter skolan.<\/p>\n\n\n\n<p><\/p>\n<\/div>\n<\/div>\n\n\n\n<div class=\"wp-block-columns is-layout-flex wp-container-core-columns-is-layout-9d6595d7 wp-block-columns-is-layout-flex\">\n<div class=\"wp-block-column is-layout-flow wp-block-column-is-layout-flow\">\n<h2 class=\"wp-block-heading\">Fyll p\u00e5 innan&#8230;<\/h2>\n\n\n\n<p>46:an \u00e4r en kanonsmidig m\u00f6jlighet f\u00f6r alla elever att fylla p\u00e5 med eftermiddagsmellis innan dagens \u00f6vriga aktiviteter.<\/p>\n\n\n\n<p>V\u00e5r kock erbjuder dagligen schyst mellis efter s\u00e4song och erbjuder g\u00e4rna det lilla extra s\u00e5 fort chansen ges.<\/p>\n\n\n\n<h2 class=\"wp-block-heading\">Kom och g\u00e5 n\u00e4r du beh\u00f6ver<\/h2>\n\n\n\n<p>Att vara p\u00e5 46:an kr\u00e4ver ingen anm\u00e4lan n\u00e4r barnet \u00e4r inskrivet. Man kommer de dagar man \u00f6nskar och det finns alltid eftermiddagsmellis s\u00e5 det r\u00e4cker. De flesta kommer direkt fr\u00e5n skolan och &#8221;checkar in&#8221; n\u00e4r lektionerna tar slut, \u00e4ter mellis och kan sedan h\u00e4nga kvar, antingen p\u00e5 l\u00e4xl\u00e4sning, aktivitet eller bara lite h\u00e4ng. <\/p>\n\n\n\n<p>Varje elev kan sedan &#8221;checka ut&#8221; n\u00e4r man vill, fram till st\u00e4ngningsdags vid kl 17. <\/p>\n<\/div>\n\n\n\n<div class=\"wp-block-column is-layout-flow wp-block-column-is-layout-flow\">\n<h2 class=\"wp-block-heading\">Lunch \u00e4ven p\u00e5 loven<\/h2>\n\n\n\n<p>N\u00e4r ditt barn g\u00e5r p\u00e5 46:an s\u00e5 f\u00e5r man ocks\u00e5 tillg\u00e5ng till lunch p\u00e5 skolan under alla lovdagar som ordinarie fritidshem \u00e4r \u00f6ppet. Ett supersmidigt alternativ n\u00e4r b\u00e5da f\u00f6r\u00e4ldrarna jobbar. Detta ing\u00e5r i avgiften, utan extra kostnad. <\/p>\n\n\n\n<h2 class=\"wp-block-heading\">Anm\u00e4lan &amp; kostnad<\/h2>\n\n\n\n<p>F\u00f6r att f\u00e5 tillg\u00e5ng till 46:an beh\u00f6ver du som f\u00f6r\u00e4lder anm\u00e4la ditt barn. Det g\u00f6r du enkelt via v\u00e5rt webbformul\u00e4r (l\u00e4nk nedan).<\/p>\n\n\n\n<p>Kostnaden f\u00f6r 46:an f\u00f6ljer Link\u00f6pings kommuns utr\u00e4kningsgrund f\u00f6r fritidshem.<\/p>\n\n\n\n<p>De elever som \u00e4r inskriven p\u00e5 46:an har \u00e4ven tillg\u00e5ng till ordinarie morgonfritids p\u00e5 Sm\u00e5skolan fr\u00e5n 6.30 varje skoldag.<\/p>\n<\/div>\n<\/div>\n\n\n\n<h2 class=\"wp-block-heading\">Anm\u00e4lan<\/h2>\n\n\n\n<p>Anm\u00e4lan till alla v\u00e5ra fritidsverksamheter (R\u00f6da, Gula och 46:an) hittar du nu p\u00e5 Sm\u00e5skolans hemsida <a href=\"https:\/\/smaskolan.se\/?page_id=139\">h\u00e4r<\/a>.<\/p>\n\n\n\n<p><\/p>\n","protected":false},"excerpt":{"rendered":"<p>F\u00f6r eleverna p\u00e5 Eraskolan erbjuds i \u00e5rskurs 3 &#8221;Gula fritids&#8221;. Mer information om v\u00e5r fritidsverksamhet upp till och med \u00e5k 3 hittar du h\u00e4r. F\u00f6r elever i \u00e5rskurs 4-6: V\u00e4lkommen till 46:an H\u00e4r f\u00e5r eleverna m\u00f6jlighet att h\u00e4nga kvar efter skolan. Med ett riktigt schyst mellis, som v\u00e5r kock fixar varje dag. P\u00e5 46:an serveras&#8230;<\/p>\n","protected":false},"author":1,"featured_media":0,"parent":0,"menu_order":0,"comment_status":"closed","ping_status":"closed","template":"","meta":{"_kad_post_transparent":"","_kad_post_title":"","_kad_post_layout":"","_kad_post_sidebar_id":"","_kad_post_content_style":"","_kad_post_vertical_padding":"","_kad_post_feature":"","_kad_post_feature_position":"","_kad_post_header":false,"_kad_post_footer":false,"footnotes":""},"class_list":["post-883","page","type-page","status-publish","hentry"],"_links":{"self":[{"href":"https:\/\/eraskolan.se\/index.php?rest_route=\/wp\/v2\/pages\/883","targetHints":{"allow":["GET"]}}],"collection":[{"href":"https:\/\/eraskolan.se\/index.php?rest_route=\/wp\/v2\/pages"}],"about":[{"href":"https:\/\/eraskolan.se\/index.php?rest_route=\/wp\/v2\/types\/page"}],"author":[{"embeddable":true,"href":"https:\/\/eraskolan.se\/index.php?rest_route=\/wp\/v2\/users\/1"}],"replies":[{"embeddable":true,"href":"https:\/\/eraskolan.se\/index.php?rest_route=%2Fwp%2Fv2%2Fcomments&post=883"}],"version-history":[{"count":12,"href":"https:\/\/eraskolan.se\/index.php?rest_route=\/wp\/v2\/pages\/883\/revisions"}],"predecessor-version":[{"id":966,"href":"https:\/\/eraskolan.se\/index.php?rest_route=\/wp\/v2\/pages\/883\/revisions\/966"}],"wp:attachment":[{"href":"https:\/\/eraskolan.se\/index.php?rest_route=%2Fwp%2Fv2%2Fmedia&parent=883"}],"curies":[{"name":"wp","href":"https:\/\/api.w.org\/{rel}","templated":true}]}}